 to base 9
-40354
Convert 4794681 (base 10) to base 6.
250433333
Convert 10001100001111101110 (base 2) to base 4.
2030033232
What is 2824c3 (base 14) in base 10?
1389419
What is 2a6365 (base 12) in base 11?
44995a
-100001000011100010 (base 2) to base 13
-4981c
Convert 10101110000 (base 3) to base 8.
202147
What is 21403313 (base 5) in base 7?
1366605
What is 8362574 (base 9) in base 11?
25833a0
Convert -150186 (base 16) to base 2.
-101010000000110000110
What is -10aa76c (base 14) in base 4?
-132103013030
What is -12b04b (base 12) in base 8?
-1134173
1370739 (base 11) to base 12
958776
What is -1540543 (base 6) in base 9?
-147650
1802222 (base 9) to base 10
1005473
-22102202222 (base 3) to base 11
-103834
What is -32043143 (base 6) in base 5?
-220022030
-222000200101 (base 3) to base 12
-20853a
-46a147 (base 12) to base 6
-40212531
Convert 100110000000 (base 2) to base 6.
15132
What is -305c6 (base 13) in base 11?
-5a14a
Convert 1316164 (base 8) to base 16.
59c74
What is -35439c (base 13) in base 15?
-1a0223
What is -5a87e (base 15) in base 14?
-77362
Convert 714d0 (base 16) to base 15.
9278a
What is -5ab7c4 (base 16) in base 9?
-12161351
What is -34402003 (base 5) in base 16?
-4b97c
Convert 2320153 (base 6) to base 10.
119301
What is 195469b (base 13) in base 3?
120122202111220
Convert -1021104423 (base 5) to base 6.
-113343134
Convert -3ac739 (base 13) to base 4.
-11130122030
Convert -6750165 (base 8) to base 2.
-110111101000001110101
What is 1011111011111 (base 2) in base 12?
3653
Convert 1771162 (base 8) to base 14.
d7b34
403038 (base 9) to base 2
111010001101010010
Convert -2566664 (base 7) to base 10.
-336137
Convert -2538358 (base 9) to base 10.
-1383938
Convert 102942 (base 10) to base 16.
1921e
Convert 3789a (base 14) to base 15.
2a525
-332121303 (base 5) to base 15
-1d7438
Convert 301320101 (base 4) to base 3.
101101020212
d956 (base 15) to base 9
70060
-21101222222 (base 3) to base 14
-3b1c3
What is -101102022100 (base 3) in base 15?
-40b69
-135553 (base 8) to base 2
-1011101101101011
Convert -41102243 (base 5) to base 11.
-207130
-3410121 (base 5) to base 13
-21432
Convert -2bb59 (base 13) to base 5.
-10130342
-268481 (base 11) to base 12
-183895
What is -223320142 (base 6) in base 7?
-46502531
3797b (base 12) to base 6
1342235
Convert -2e038 (base 16) to base 4.
-232000320
What is 3632300 (base 8) in base 16?
f34c0
What is -837242 (base 15) in base 7?
-104063345
Convert -2bc68 (base 13) to base 2.
-10100010111001011
Convert 1831a6 (base 14) to base 2.
11010000011011011110
-299a69 (base 11) to base 14
-c234b
1879c (base 16) to base 13
36829
What is -25532 (base 7) in base 8?
-15201
Convert 31443221 (base 5) to base 16.
40cdc
311122213 (base 4) to base 8
653247
-14746125 (base 8) to base 5
-1332112040
a8254 (base 11) to base 4
212122233
1013014102 (base 5) to base 9
3818207
-2140631 (base 9) to base 4
-10120130101
Convert -1111111111101100111110 (base 2) to base 14.
-7b2142
-12020001212 (base 3) to base 14
-29699
15b0360 (base 12) to base 11
2575a14
Convert 77040 (base 8) to base 4.
13320200
Convert -252510240 (base 6) to base 12.
-177b380
Convert a08387 (base 13) to base 4.
32032322310
What is c3c1 (base 16) in base 4?
30033001
1146343 (base 7) to base 9
242611
Convert -168946 (base 11) to base 16.
-3fa4c
Convert 109878 (base 16) to base 4.
10021201320
-262f (base 16) to base 14
-37c3
772528 (base 12) to base 9
3502185
Convert -421133410 (base 5) to base 12.
-6baa3b
What is 23972 (base 16) in base 8?
434562
-24217188 (base 9) to base 7
-202324244
Convert -174b0 (base 16) to base 2.
-10111010010110000
-11203230031 (base 4) to base 7
-15245356
Convert 102030232 (base 4) to base 9.
123224
Convert -113001311 (base 4) to base 12.
-46705
3140242102 (base 5) to base 16
644607
What is -c28633 (base 14) in base 11?
-3777045
What is 31122312 (base 4) in base 13?
1c032
Convert -203103 (base 9) to base 7.
-1010634
1420421 (base 7) to base 9
318428
What is 5671163 (base 11) in base 8?
45676667
What is 101101011010111 (base 2) in base 13?
a77b
334204 (base 6) to base 13
ca7b
Convert -210232021330 (base 4) to base 5.
-4431014421
Convert -575604 (base 8) to base 16.
-2fb84
Convert -14234313 (base 5) to base 11.
-a2218
What is -41436304 (base 7) in base 8?
-15235315
What is -4b740 (base 16) in base 8?
-1133500
What is -31210100223 (base 4) in base 14?
-6880c3
Convert 12251676 (base 8) to base 5.
1143132124
Convert -114035 (base 10) to base 3.
-12210102112
-305667 (base 9) to base 2
-101100010001011011
Convert 200332201 (base 4) to base 7.
1101541
-301590 (base 12) to base 13
-202c35
-2434102 (base 7) to base 13
-ab81a
Convert -222342625 (base 7) to base 16.
-cd94f2
Convert 1734230 (base 9) to base 4.
3230032110
Convert bebce (base 16) to base 13.
2147b1
What is 155414203 (base 6) in base 16?
330dfb
What is -1102344 (base 5) in base 10?
-19099
Convert -1d8b0 (base 14) to base 16.
-12822
What is 12114222 (base 5) in base 8?
336027
What is -11b452 (base 14) in base 9?
-1125025
-102212233001 (base 4) to base 2
-10010100110101111000001
56053c (base 13) to base 11
1166238
18ddc (base 15) to base 5
10041012
What is 6101472 (base 8) in base 6?
54233150
What is 7d4a02 (base 14) in base 4?
100110031322
What is -335b18 (base 16) in base 13?
-90ac18
d2da7 (base 15) to base 9
1227234
What is 9068 (base 10) in base 6?
105552
673884 (base 12) to base 2
110010001100000100100
What is 11133320220 (base 4) in base 7?
15152046
408547 (base 10) to base 4
1203233203
What is 132223230201 (base 4) in base 14?
10d5333
-100000110110000100 (base 2) to base 12
-65a30
What is -145364 (base 8) in base 12?
-26098
-c7450 (base 15) to base 11
-3a19a7
6304770 (base 9) to base 5
1330304324
Convert 56586 (base 11) to base 16.
13fe2
Convert -179151 (base 14) to base 15.
-116669
Convert 184552 (base 15) to base 10.
1179077
-202323100 (base 5) to base 15
-11401a
4011645 (base 8) to base 14
1d5d77
Convert 322632 (base 8) to base 4.
122112122
22735 (base 16) to base 7
1125253
What is -1144a4 (base 14) in base 12?
-244440
-2464108 (base 11) to base 4
-100111010301
What is -30e20b (base 16) in base 2?
-1100001110001000001011
Convert -3679d7 (base 16) to base 11.
-2019328
-707544 (base 10) to base 9
-1287510
-b0bd (base 16) to base 3
-2022001202
Convert -c2a3b (base 14) to base 8.
-1623015
What is -110011101101101101 (base 2) in base 5?
-23234241
-1022222012 (base 3) to base 16
-666e
Convert 143021200 (base 5) to base 9.
1364676
-660462 (base 8) to base 3
-102020211100
Convert 132201213 (base 4) to base 3.
20100111210
Convert 3327b (base 15) to base 7.
1244645
21120101100222 (base 3) to base 13
aab112
Convert 308a9 (base 14) to base 16.
1c8e5
Convert b6b422 (base 13) to base 15.
598440
What is -89312 (base 12) in base 15?
-38d5b
What is -1134227 (base 8) in base 4?
-1023202113
What is -14330263 (base 7) in base 4?
-11022003202
4031424 (base 5) to base 12
31486
What is -63b40 (base 15) in base 16?
-4d3fa
Convert -1102222001 (base 4) to base 6.
-11131225
What is -111001001110111111 (base 2) in base 14?
-61611
-21356411 (base 7) to base 13
-4c08cb
What is -86b996 (base 12) in base 4?
-20021113002
Convert 5ddc5 (base 15) to base 9.
506605
-4340127 (base 8) to base 6
-40533515
What is 1b821a3 (base 13) in base 2?
100010111000011110011000
What is 212022112211 (base 3) in base 8?
1600275
What is -5465601 (base 7) in base 2?
-10100100000010010001
8705802 (base 9) to base 12
1692092
What is -262ab6 (base 14) in base 6?
-44054104
What is -334132 (base 6) in base 5?
-1400021
What is -112258 (base 9) in base 2?
-10000011011010011
-288897a (base 11) to base 7
-60110022
Convert -486745 (base 11) to base 5.
-144121324
What is -18341a (base 13) in base 5?
-123411241
Convert -101211330 (base 5) to base 11.
-262604
What is 26c5b0 (base 14) in base 4?
11013030232
-1101010111010111 (base 2) to base 11
-38147
-514022 (base 13) to base 4
-13032113102
What is 11110111100101100111 (base 2) in base 15?
15072e
-1001000111001100010100 (base 2) to base 9
-4440673
Convert -803720 (base 10) to base 3.
-1111211111102
-123030000 (base 4) to base 16
-1b300
What is -6334805 (base 9) in base 3?
-20101011220012
What is -10000000001010001011 (base 2) in base 4?
-2000022023
What is 24581 (base 14) in base 7?
520121
What is -